{"id":140,"date":"2023-04-06T08:43:44","date_gmt":"2023-04-06T11:43:44","guid":{"rendered":"https:\/\/casadaluva.com.br\/index\/produto\/sapato-sticky-shoes-antiderrapante-branco-no-44\/"},"modified":"2023-04-06T16:29:10","modified_gmt":"2023-04-06T19:29:10","slug":"sapato-sticky-shoes-antiderrapante-branco-no-44","status":"publish","type":"product","link":"https:\/\/casadaluva.com.br\/index\/produto\/sapato-sticky-shoes-antiderrapante-branco-no-44\/","title":{"rendered":"SAPATO STICKY SHOES ANTIDERRAPANTE BRANCO N\u00ba 44"},"content":{"rendered":"<p>Sapato Masculino Branco Sticky Shoes<\/p>\n<p>O Sapato Masculino Sticky Shoes \u00e9 um sapato ocupacional imperme\u00e1vel, todo polim\u00e9rico, verdadeiramente antiderrapante, desenvolvido para ser usado em pisos lisos, que estejam molhados, ensaboados e engordurados ao mesmo tempo. Seu uso destina para Hospitais, laborat\u00f3rios farmac\u00eauticos, cl\u00ednicas em geral, ind\u00fastrias aliment\u00edcias, restaurantes, c\u00e2maras frigor\u00edficas, hot\u00e9is, limpeza, instala\u00e7\u00f5es internas, ind\u00fastrias em geral.<\/p>\n<p>Palmilha higi\u00eanica:<\/p>\n<p>Remov\u00edvel de 03 camadas com tecnologia de absor\u00e7\u00e3o e dessor\u00e7\u00e3o do suor mais tratamento com nano part\u00edculas de prata que evitam a prolifera\u00e7\u00e3o de fungos e bact\u00e9rias.<\/p>\n<p>Cal\u00e7ado:<\/p>\n<p>Possui \u00edndice de atrito SRC certificado. Para caminhar em piso de a\u00e7o com \u00f3leo combust\u00edvel e piso cer\u00e2mico com detergente sem escorregar. CI &#8211; Prote\u00e7\u00e3o contra ao frio. O Sticky Shoe possui Isolamento ao frio do conjunto do solado (queda de temperatura interna menor que 10\u00b0C em freezer e ou c\u00e2mara a -15\u00b0C).<\/p>\n<p>Solado:<\/p>\n<p>Borracha vulcanizada com exclusivo ressalto verdadeiramente antiderrapante.<\/p>\n<p>Prote\u00e7\u00e3o:<\/p>\n<p>Contra agentes escoriantes e umidade proveniente de opera\u00e7\u00e3o com uso de \u00e1gua, contra o frio, contra os agentes biol\u00f3gicos, e contra o escorregamento<\/p>\n<p>Higieniza\u00e7\u00e3o do seu Sticky Shoe:<\/p>\n<p>\u00c1gua e sab\u00e3o para uma melhor desinfec\u00e7\u00e3o, voc\u00ea pode utilizar \u00e1gua sanit\u00e1ria (hipoclorito de s\u00f3dio dilu\u00eddo). Se preferir, seque ao sol e em caso de utiliza\u00e7\u00e3o de m\u00e1quina lavadora, n\u00e3o ultrapassar 40\u00b0C.<\/p>\n","protected":false},"excerpt":{"rendered":"<p>Sapato Masculino Branco Sticky Shoes O Sapato Masculino Sticky Shoes \u00e9 um sapato ocupacional imperme\u00e1vel, todo polim\u00e9rico, verdadeiramente antiderrapante, desenvolvido para ser usado em pisos lisos,<span class=\"excerpt-hellip\"> [\u2026]<\/span><\/p>\n","protected":false},"featured_media":371,"template":"","meta":{"_joinchat":[]},"product_brand":[],"product_cat":[27],"product_tag":[],"class_list":{"0":"post-140","1":"product","2":"type-product","3":"status-publish","4":"has-post-thumbnail","6":"product_cat-calcados","8":"first","9":"instock","10":"shipping-taxable","11":"purchasable","12":"product-type-simple"},"_links":{"self":[{"href":"https:\/\/casadaluva.com.br\/index\/wp-json\/wp\/v2\/product\/140","targetHints":{"allow":["GET"]}}],"collection":[{"href":"https:\/\/casadaluva.com.br\/index\/wp-json\/wp\/v2\/product"}],"about":[{"href":"https:\/\/casadaluva.com.br\/index\/wp-json\/wp\/v2\/types\/product"}],"wp:featuredmedia":[{"embeddable":true,"href":"https:\/\/casadaluva.com.br\/index\/wp-json\/wp\/v2\/media\/371"}],"wp:attachment":[{"href":"https:\/\/casadaluva.com.br\/index\/wp-json\/wp\/v2\/media?parent=140"}],"wp:term":[{"taxonomy":"product_brand","embeddable":true,"href":"https:\/\/casadaluva.com.br\/index\/wp-json\/wp\/v2\/product_brand?post=140"},{"taxonomy":"product_cat","embeddable":true,"href":"https:\/\/casadaluva.com.br\/index\/wp-json\/wp\/v2\/product_cat?post=140"},{"taxonomy":"product_tag","embeddable":true,"href":"https:\/\/casadaluva.com.br\/index\/wp-json\/wp\/v2\/product_tag?post=140"}],"curies":[{"name":"wp","href":"https:\/\/api.w.org\/{rel}","templated":true}]}}