{"id":269,"date":"2023-04-06T11:07:44","date_gmt":"2023-04-06T14:07:44","guid":{"rendered":"https:\/\/casadaluva.com.br\/index\/produto\/respirador-pff2-valvulado-azul-lubeka\/"},"modified":"2026-04-13T07:28:51","modified_gmt":"2026-04-13T10:28:51","slug":"respirador-pff2-valvulado-azul-lubeka","status":"publish","type":"product","link":"https:\/\/casadaluva.com.br\/index\/produto\/respirador-pff2-valvulado-azul-lubeka\/","title":{"rendered":"RESPIRADOR PFF2 VALVULADO AZUL ALLPROT"},"content":{"rendered":"<p><strong>M\u00e1scara PFF2 Azul Com V\u00e1lvula Air Prot CA 45.364 &#8211; Allprot<\/strong><\/p>\n<p>&nbsp;<\/p>\n<p><strong>Certificado de Aprova\u00e7\u00e3o (CA): 45364<\/strong><\/p>\n<p><strong>Caracter\u00edsticas do produto:<\/strong><\/p>\n<p>&#8211; A v\u00e1lvula de exala\u00e7\u00e3o serve para facilitar a retirada de ar quente de dentro do respirador proveniente da exala\u00e7\u00e3o. Este item n\u00e3o influ\u00eancia no fator de prote\u00e7\u00e3o, somente no conforto do usu\u00e1rio principalmente quando estes respiradores s\u00e3o empregados para atividades que exijam grande esfor\u00e7o f\u00edsico.<\/p>\n<p>&#8211; Recomendada, ainda, para redu\u00e7\u00e3o da exposi\u00e7\u00e3o ocupacional a aeross\u00f3is contendo agentes biol\u00f3gicos potencialmente patog\u00eanicos.<\/p>\n<p>&#8211; Deve ser usada mediante o conhecimento e aprova\u00e7\u00e3o das \u00e1reas de higiene, seguran\u00e7a e medicina do trabalho e\/ou respons\u00e1vel pela empresa.<\/p>\n<p>&#8211; Cor da m\u00e1scara: Azul.<\/p>\n<p><strong>Indica\u00e7\u00e3o:<\/strong><\/p>\n<p>Indicado para prote\u00e7\u00e3o das vias respirat\u00f3rias contra poeiras e n\u00e9voas n\u00e3o oleosas, que n\u00e3o emitam gases e\/ou vapores; fumos met\u00e1licos ou pl\u00e1sticos; s\u00edlica, fibras t\u00eaxteis, cimento refinado; min\u00e9rio de ferro, min\u00e9rio de carv\u00e3o, min\u00e9rio de alum\u00ednio, sab\u00e3o em p\u00f3, talco, cal, soda c\u00e1ustica, poeiras vegetais (como trigo, arroz, milho, baga\u00e7o de cana etc); poeiras de avi\u00e1rio contendo restos de ra\u00e7\u00e3o, fezes, plumas e penas de aves; poeiras de lixamento e esmerilhamento, n\u00e9voas de \u00e1cido sulf\u00farico com \u00f3culos de prote\u00e7\u00e3o adequado), dentre outros.<\/p>\n<p><strong>Limita\u00e7\u00f5es de uso:<\/strong><\/p>\n<p>N\u00e3o utilizar para prote\u00e7\u00e3o contra amianto (asbesto), bem como, n\u00e3o \u00e9 recomendada para uso hospitalar em procedimentos m\u00e9dicos ou odontol\u00f3gicos.<\/p>\n","protected":false},"excerpt":{"rendered":"<p>M\u00e1scara PFF2 Azul Com V\u00e1lvula Air Prot CA 45.364 &#8211; Allprot &nbsp; Certificado de Aprova\u00e7\u00e3o (CA): 45364 Caracter\u00edsticas do produto: &#8211; A v\u00e1lvula de exala\u00e7\u00e3o serve<span class=\"excerpt-hellip\"> [\u2026]<\/span><\/p>\n","protected":false},"featured_media":910,"template":"","meta":{"_joinchat":[]},"product_brand":[],"product_cat":[35],"product_tag":[],"class_list":{"0":"post-269","1":"product","2":"type-product","3":"status-publish","4":"has-post-thumbnail","6":"product_cat-obras","8":"first","9":"onbackorder","10":"shipping-taxable","11":"purchasable","12":"product-type-simple"},"_links":{"self":[{"href":"https:\/\/casadaluva.com.br\/index\/wp-json\/wp\/v2\/product\/269","targetHints":{"allow":["GET"]}}],"collection":[{"href":"https:\/\/casadaluva.com.br\/index\/wp-json\/wp\/v2\/product"}],"about":[{"href":"https:\/\/casadaluva.com.br\/index\/wp-json\/wp\/v2\/types\/product"}],"wp:featuredmedia":[{"embeddable":true,"href":"https:\/\/casadaluva.com.br\/index\/wp-json\/wp\/v2\/media\/910"}],"wp:attachment":[{"href":"https:\/\/casadaluva.com.br\/index\/wp-json\/wp\/v2\/media?parent=269"}],"wp:term":[{"taxonomy":"product_brand","embeddable":true,"href":"https:\/\/casadaluva.com.br\/index\/wp-json\/wp\/v2\/product_brand?post=269"},{"taxonomy":"product_cat","embeddable":true,"href":"https:\/\/casadaluva.com.br\/index\/wp-json\/wp\/v2\/product_cat?post=269"},{"taxonomy":"product_tag","embeddable":true,"href":"https:\/\/casadaluva.com.br\/index\/wp-json\/wp\/v2\/product_tag?post=269"}],"curies":[{"name":"wp","href":"https:\/\/api.w.org\/{rel}","templated":true}]}}