{"id":326,"date":"2023-04-06T15:03:07","date_gmt":"2023-04-06T18:03:07","guid":{"rendered":"https:\/\/casadaluva.com.br\/index\/produto\/cartucho-quimico-gma-msa\/"},"modified":"2025-04-28T17:40:56","modified_gmt":"2025-04-28T20:40:56","slug":"cartucho-quimico-gma-msa","status":"publish","type":"product","link":"https:\/\/casadaluva.com.br\/index\/produto\/cartucho-quimico-gma-msa\/","title":{"rendered":"CARTUCHO QUIMICO GMA MSA"},"content":{"rendered":"<h2 style=\"font-family: Hind;font-size: 1.625em;font-weight: 400;line-height: 1.3em;border: 0px;margin: 0px 0px 0.19em;color: #232a34\">Descri\u00e7\u00e3o<\/h2>\n<p style=\"font-family: Hind;font-size: 16px;line-height: inherit;border: 0px;margin-bottom: 1.5em;color: #8a8a8a;text-align: justify\">Cartucho qu\u00edmico composto de recipiente alum\u00ednio, contendo carv\u00e3o ativado tratado modelo GMA;<\/p>\n<p style=\"font-family: Hind;font-size: 16px;line-height: inherit;border: 0px;margin-bottom: 1.5em;color: #8a8a8a;text-align: justify\">Para ser utilizado com o respirador purificador de ar de manuten\u00e7\u00e3o, reutiliz\u00e1vel, meia pe\u00e7a facial, modelo Confo II;<\/p>\n<p style=\"font-family: Hind;font-size: 16px;line-height: inherit;border: 0px;margin-bottom: 1.5em;color: #8a8a8a;text-align: justify\">Classe 1- Vapores Org\u00e2nicos;<\/p>\n<p style=\"font-family: Hind;font-size: 16px;line-height: inherit;border: 0px;margin-bottom: 1.5em;color: #8a8a8a;text-align: justify\">Validade de 3 anos ap\u00f3s a fabrica\u00e7\u00e3o (lacrado);<\/p>\n<p style=\"font-family: Hind;font-size: 16px;line-height: inherit;border: 0px;margin-bottom: 1.5em;color: #8a8a8a;text-align: justify\">Testado e aprovado atrav\u00e9s das normas NIOSH 42CFR84, NBR 13694\/1996 (pe\u00e7a semifacial) e NBR 13696\/1996 (filtros qu\u00edmicos e combinados).<\/p>\n","protected":false},"excerpt":{"rendered":"<p>Descri\u00e7\u00e3o Cartucho qu\u00edmico composto de recipiente alum\u00ednio, contendo carv\u00e3o ativado tratado modelo GMA; Para ser utilizado com o respirador purificador de ar de manuten\u00e7\u00e3o, reutiliz\u00e1vel, meia<span class=\"excerpt-hellip\"> [\u2026]<\/span><\/p>\n","protected":false},"featured_media":325,"template":"","meta":{"_joinchat":[]},"product_brand":[],"product_cat":[29],"product_tag":[],"class_list":{"0":"post-326","1":"product","2":"type-product","3":"status-publish","4":"has-post-thumbnail","6":"product_cat-respiradores","8":"first","9":"onbackorder","10":"shipping-taxable","11":"purchasable","12":"product-type-simple"},"_links":{"self":[{"href":"https:\/\/casadaluva.com.br\/index\/wp-json\/wp\/v2\/product\/326","targetHints":{"allow":["GET"]}}],"collection":[{"href":"https:\/\/casadaluva.com.br\/index\/wp-json\/wp\/v2\/product"}],"about":[{"href":"https:\/\/casadaluva.com.br\/index\/wp-json\/wp\/v2\/types\/product"}],"wp:featuredmedia":[{"embeddable":true,"href":"https:\/\/casadaluva.com.br\/index\/wp-json\/wp\/v2\/media\/325"}],"wp:attachment":[{"href":"https:\/\/casadaluva.com.br\/index\/wp-json\/wp\/v2\/media?parent=326"}],"wp:term":[{"taxonomy":"product_brand","embeddable":true,"href":"https:\/\/casadaluva.com.br\/index\/wp-json\/wp\/v2\/product_brand?post=326"},{"taxonomy":"product_cat","embeddable":true,"href":"https:\/\/casadaluva.com.br\/index\/wp-json\/wp\/v2\/product_cat?post=326"},{"taxonomy":"product_tag","embeddable":true,"href":"https:\/\/casadaluva.com.br\/index\/wp-json\/wp\/v2\/product_tag?post=326"}],"curies":[{"name":"wp","href":"https:\/\/api.w.org\/{rel}","templated":true}]}}