{"id":483,"date":"2023-04-06T16:35:43","date_gmt":"2023-04-06T19:35:43","guid":{"rendered":"https:\/\/casadaluva.com.br\/index\/produto\/luva-nitrilica-verde-talge-tamanho-xg\/"},"modified":"2025-11-27T10:43:23","modified_gmt":"2025-11-27T13:43:23","slug":"luva-nitrilica-verde-talge-tamanho-xg","status":"publish","type":"product","link":"https:\/\/casadaluva.com.br\/index\/produto\/luva-nitrilica-verde-talge-tamanho-xg\/","title":{"rendered":"LUVA NITRILICA VERDE TALGE TAMANHO XG"},"content":{"rendered":"<p>Luva Nitr\u00edlica Verde Talge Com Forro CA 32245<\/p>\n<p>Descri\u00e7\u00e3o:<\/p>\n<p>Junto com uma boa protec\u00e7\u00e3o contra bases, \u00f3leos, muitos solventes, graxas e gorduras animais, nossas luvas de borracha nitr\u00edlica tamb\u00e9m oferecem excelente resist\u00eancia \u00e0 sen\u00f5es e perfura\u00e7\u00f5es, abras\u00f5es e cortes para uma luva fina de pol\u00edmero. Mant\u00e9m as m\u00e3os secas por um longo per\u00edodo de tempo, resultando em significativamente maior conforto e desempenho.<\/p>\n<p>Vantagens:<\/p>\n<p>composto de alto desempenho nitr\u00edlica oferece sen\u00e3o superior, pun\u00e7\u00e3o e prote\u00e7\u00e3o de abras\u00e3o ao longo de borracha ou neoprene.<\/p>\n","protected":false},"excerpt":{"rendered":"<p>Luva Nitr\u00edlica Verde Talge Com Forro CA 32245 Descri\u00e7\u00e3o: Junto com uma boa protec\u00e7\u00e3o contra bases, \u00f3leos, muitos solventes, graxas e gorduras animais, nossas luvas de<span class=\"excerpt-hellip\"> [\u2026]<\/span><\/p>\n","protected":false},"featured_media":482,"template":"","meta":{"_joinchat":[]},"product_brand":[],"product_cat":[19],"product_tag":[],"class_list":{"0":"post-483","1":"product","2":"type-product","3":"status-publish","4":"has-post-thumbnail","6":"product_cat-luvas","8":"first","9":"onbackorder","10":"shipping-taxable","11":"purchasable","12":"product-type-simple"},"_links":{"self":[{"href":"https:\/\/casadaluva.com.br\/index\/wp-json\/wp\/v2\/product\/483","targetHints":{"allow":["GET"]}}],"collection":[{"href":"https:\/\/casadaluva.com.br\/index\/wp-json\/wp\/v2\/product"}],"about":[{"href":"https:\/\/casadaluva.com.br\/index\/wp-json\/wp\/v2\/types\/product"}],"wp:featuredmedia":[{"embeddable":true,"href":"https:\/\/casadaluva.com.br\/index\/wp-json\/wp\/v2\/media\/482"}],"wp:attachment":[{"href":"https:\/\/casadaluva.com.br\/index\/wp-json\/wp\/v2\/media?parent=483"}],"wp:term":[{"taxonomy":"product_brand","embeddable":true,"href":"https:\/\/casadaluva.com.br\/index\/wp-json\/wp\/v2\/product_brand?post=483"},{"taxonomy":"product_cat","embeddable":true,"href":"https:\/\/casadaluva.com.br\/index\/wp-json\/wp\/v2\/product_cat?post=483"},{"taxonomy":"product_tag","embeddable":true,"href":"https:\/\/casadaluva.com.br\/index\/wp-json\/wp\/v2\/product_tag?post=483"}],"curies":[{"name":"wp","href":"https:\/\/api.w.org\/{rel}","templated":true}]}}