{"id":494,"date":"2023-04-06T17:06:40","date_gmt":"2023-04-06T20:06:40","guid":{"rendered":"https:\/\/casadaluva.com.br\/index\/produto\/protetor-facil-v-guard-190-arc-plus-arco-eletrico\/"},"modified":"2025-09-12T14:31:28","modified_gmt":"2025-09-12T17:31:28","slug":"protetor-facil-v-guard-190-arc-plus-arco-eletrico","status":"publish","type":"product","link":"https:\/\/casadaluva.com.br\/index\/produto\/protetor-facil-v-guard-190-arc-plus-arco-eletrico\/","title":{"rendered":"PROTETOR FACIL V GUARD 190 ARC PLUS ARCO ELETRICO"},"content":{"rendered":"<h2 style=\"font-family: 'Open Sans', Helvetica, Arial, sans-serif;font-weight: 500;line-height: 1.1;color: #666666;margin: 20px 0px 10px;font-size: 24px;padding: 0px;border: 0px;vertical-align: baseline\">Descri\u00e7\u00e3o do Produto<\/h2>\n<div class=\"productDescription\" style=\"margin: 0px;padding: 2px;border: 0px;vertical-align: baseline;color: #666666;font-family: 'Open Sans', Helvetica, Arial, sans-serif\">CA: 33745 1. Lente do protetor facial V-Gard 190 Arc Plus com queixeira; 2. Visor com alto \u00edndice de prote\u00e7\u00e3o contra arco el\u00e9trico 11cal\/cm\u00b2, risco II; 3. Visor com formato moldado que garante superior qualidade \u00f3ptica; 4. Certifica\u00e7\u00f5es: ANSI\/ISEA Z87.1 ASTM F2178-2008 (ref. NFPA 70E \u2013 2012, Hazard Risk Category 2).<\/div>\n","protected":false},"excerpt":{"rendered":"<p>Descri\u00e7\u00e3o do Produto CA: 33745 1. Lente do protetor facial V-Gard 190 Arc Plus com queixeira; 2. Visor com alto \u00edndice de prote\u00e7\u00e3o contra arco el\u00e9trico<span class=\"excerpt-hellip\"> [\u2026]<\/span><\/p>\n","protected":false},"featured_media":493,"template":"","meta":{"_joinchat":[]},"product_brand":[],"product_cat":[31],"product_tag":[],"class_list":{"0":"post-494","1":"product","2":"type-product","3":"status-publish","4":"has-post-thumbnail","6":"product_cat-protecao-visual","8":"first","9":"onbackorder","10":"shipping-taxable","11":"purchasable","12":"product-type-simple"},"_links":{"self":[{"href":"https:\/\/casadaluva.com.br\/index\/wp-json\/wp\/v2\/product\/494","targetHints":{"allow":["GET"]}}],"collection":[{"href":"https:\/\/casadaluva.com.br\/index\/wp-json\/wp\/v2\/product"}],"about":[{"href":"https:\/\/casadaluva.com.br\/index\/wp-json\/wp\/v2\/types\/product"}],"wp:featuredmedia":[{"embeddable":true,"href":"https:\/\/casadaluva.com.br\/index\/wp-json\/wp\/v2\/media\/493"}],"wp:attachment":[{"href":"https:\/\/casadaluva.com.br\/index\/wp-json\/wp\/v2\/media?parent=494"}],"wp:term":[{"taxonomy":"product_brand","embeddable":true,"href":"https:\/\/casadaluva.com.br\/index\/wp-json\/wp\/v2\/product_brand?post=494"},{"taxonomy":"product_cat","embeddable":true,"href":"https:\/\/casadaluva.com.br\/index\/wp-json\/wp\/v2\/product_cat?post=494"},{"taxonomy":"product_tag","embeddable":true,"href":"https:\/\/casadaluva.com.br\/index\/wp-json\/wp\/v2\/product_tag?post=494"}],"curies":[{"name":"wp","href":"https:\/\/api.w.org\/{rel}","templated":true}]}}