{"id":562,"date":"2023-08-16T10:37:25","date_gmt":"2023-08-16T13:37:25","guid":{"rendered":"https:\/\/casadaluva.com.br\/index\/produto\/placa-de-sinalizacao-braile-p-corrimao-final\/"},"modified":"2026-04-11T10:13:56","modified_gmt":"2026-04-11T13:13:56","slug":"placa-de-sinalizacao-braile-p-corrimao-final","status":"publish","type":"product","link":"https:\/\/casadaluva.com.br\/index\/produto\/placa-de-sinalizacao-braile-p-corrimao-final\/","title":{"rendered":"PLACA DE SINALIZACAO BRAILE P\/ CORRIMAO FINAL"},"content":{"rendered":"<p>A Placa de Sinaliza\u00e7\u00e3o do Corrim\u00e3o em alum\u00ednio facilita a identifica\u00e7\u00e3o de pavimentos e associam a informa\u00e7\u00e3o em Braille contendo a escrita in\u00edcio e final com o pavimento, apenas a escrita in\u00edcio e final ou apenas com a identifica\u00e7\u00e3o do pavimento, conforme imagens.<br \/>\nAl\u00e9m dos textos em Braille, as placas auxiliam as pessoas com baixa vis\u00e3o no reconhecimento do ambiente arquitet\u00f4nico.<br \/>\nDevida a sua fixa\u00e7\u00e3o com fita dupla face, NOSSA PLACA traz a especial configura\u00e7\u00e3o mec\u00e2nica de n\u00e3o necessitar rebites e\/ou parafusos para fixa\u00e7\u00e3o, principalmente, por n\u00e3o permitir superf\u00edcies com pontas e arestas cortantes, comuns nas pe\u00e7as met\u00e1licas de alum\u00ednio ou inox.<\/p>\n","protected":false},"excerpt":{"rendered":"<p>A Placa de Sinaliza\u00e7\u00e3o do Corrim\u00e3o em alum\u00ednio facilita a identifica\u00e7\u00e3o de pavimentos e associam a informa\u00e7\u00e3o em Braille contendo a escrita in\u00edcio e final com<span class=\"excerpt-hellip\"> [\u2026]<\/span><\/p>\n","protected":false},"featured_media":778,"template":"","meta":{"_joinchat":[]},"product_brand":[],"product_cat":[35],"product_tag":[],"class_list":{"0":"post-562","1":"product","2":"type-product","3":"status-publish","4":"has-post-thumbnail","6":"product_cat-obras","8":"first","9":"instock","10":"shipping-taxable","11":"purchasable","12":"product-type-simple"},"_links":{"self":[{"href":"https:\/\/casadaluva.com.br\/index\/wp-json\/wp\/v2\/product\/562","targetHints":{"allow":["GET"]}}],"collection":[{"href":"https:\/\/casadaluva.com.br\/index\/wp-json\/wp\/v2\/product"}],"about":[{"href":"https:\/\/casadaluva.com.br\/index\/wp-json\/wp\/v2\/types\/product"}],"wp:featuredmedia":[{"embeddable":true,"href":"https:\/\/casadaluva.com.br\/index\/wp-json\/wp\/v2\/media\/778"}],"wp:attachment":[{"href":"https:\/\/casadaluva.com.br\/index\/wp-json\/wp\/v2\/media?parent=562"}],"wp:term":[{"taxonomy":"product_brand","embeddable":true,"href":"https:\/\/casadaluva.com.br\/index\/wp-json\/wp\/v2\/product_brand?post=562"},{"taxonomy":"product_cat","embeddable":true,"href":"https:\/\/casadaluva.com.br\/index\/wp-json\/wp\/v2\/product_cat?post=562"},{"taxonomy":"product_tag","embeddable":true,"href":"https:\/\/casadaluva.com.br\/index\/wp-json\/wp\/v2\/product_tag?post=562"}],"curies":[{"name":"wp","href":"https:\/\/api.w.org\/{rel}","templated":true}]}}