{"id":576,"date":"2023-08-16T10:40:23","date_gmt":"2023-08-16T13:40:23","guid":{"rendered":"https:\/\/casadaluva.com.br\/index\/produto\/dispenser-para-papel-toalha-interfolha-biovis\/"},"modified":"2026-04-11T10:13:55","modified_gmt":"2026-04-11T13:13:55","slug":"dispenser-para-papel-toalha-interfolha-biovis","status":"publish","type":"product","link":"https:\/\/casadaluva.com.br\/index\/produto\/dispenser-para-papel-toalha-interfolha-biovis\/","title":{"rendered":"DISPENSER PARA PAPEL TOALHA INTERFOLHA BIOVIS"},"content":{"rendered":"<p>Dispenser Toalheiro Papel Toalha Anti Micr\u00f3bios Biovis Ag+<\/p>\n<p>O Dispenser para Papel Toalha 2 Dobras Branco Antimicrobiana AG+ da Biovis traz para seu consult\u00f3rio ou estabelecimento comerical eleg\u00c3ncia, efici\u00eancia e qualidade, garantido alta performance e economia para seu estabelecimento. Aqui na Odonto Equipamentos voc\u00ea pode adquirir este produto com total garantia e qualidade.<\/p>\n<p>&#8211; Caracter\u00edsticas:<\/p>\n<p>C\u00f3digo \u00a0\u00a0 \u00a0001070<\/p>\n<p>Capacidade: 500 folhas<\/p>\n<p>Dimens\u00f5es: A: 25,5 cm L: 28 cm C: 11 cm<\/p>\n<p>Mat\u00e9ria Prima: Pl\u00e1stico PS<\/p>\n<p>Peso L\u00edquido: 0,500 kg<\/p>\n<p>&#8211; Acompanha tamb\u00e9m:<\/p>\n<p>1 chave pl\u00e1stica<\/p>\n<p>2 parafusos<\/p>\n<p>2 buchas para fixa\u00e7\u00e3o<\/p>\n","protected":false},"excerpt":{"rendered":"<p>Dispenser Toalheiro Papel Toalha Anti Micr\u00f3bios Biovis Ag+ O Dispenser para Papel Toalha 2 Dobras Branco Antimicrobiana AG+ da Biovis traz para seu consult\u00f3rio ou estabelecimento<span class=\"excerpt-hellip\"> [\u2026]<\/span><\/p>\n","protected":false},"featured_media":882,"template":"","meta":{"_joinchat":[]},"product_brand":[],"product_cat":[35],"product_tag":[],"class_list":{"0":"post-576","1":"product","2":"type-product","3":"status-publish","4":"has-post-thumbnail","6":"product_cat-obras","8":"first","9":"outofstock","10":"shipping-taxable","11":"purchasable","12":"product-type-simple"},"_links":{"self":[{"href":"https:\/\/casadaluva.com.br\/index\/wp-json\/wp\/v2\/product\/576","targetHints":{"allow":["GET"]}}],"collection":[{"href":"https:\/\/casadaluva.com.br\/index\/wp-json\/wp\/v2\/product"}],"about":[{"href":"https:\/\/casadaluva.com.br\/index\/wp-json\/wp\/v2\/types\/product"}],"wp:featuredmedia":[{"embeddable":true,"href":"https:\/\/casadaluva.com.br\/index\/wp-json\/wp\/v2\/media\/882"}],"wp:attachment":[{"href":"https:\/\/casadaluva.com.br\/index\/wp-json\/wp\/v2\/media?parent=576"}],"wp:term":[{"taxonomy":"product_brand","embeddable":true,"href":"https:\/\/casadaluva.com.br\/index\/wp-json\/wp\/v2\/product_brand?post=576"},{"taxonomy":"product_cat","embeddable":true,"href":"https:\/\/casadaluva.com.br\/index\/wp-json\/wp\/v2\/product_cat?post=576"},{"taxonomy":"product_tag","embeddable":true,"href":"https:\/\/casadaluva.com.br\/index\/wp-json\/wp\/v2\/product_tag?post=576"}],"curies":[{"name":"wp","href":"https:\/\/api.w.org\/{rel}","templated":true}]}}