{"id":577,"date":"2023-08-16T10:40:27","date_gmt":"2023-08-16T13:40:27","guid":{"rendered":"https:\/\/casadaluva.com.br\/index\/produto\/dispenser-para-sabonete-liquido-800ml-c-reservatorio-biovis\/"},"modified":"2026-04-11T10:13:55","modified_gmt":"2026-04-11T13:13:55","slug":"dispenser-para-sabonete-liquido-800ml-c-reservatorio-biovis","status":"publish","type":"product","link":"https:\/\/casadaluva.com.br\/index\/produto\/dispenser-para-sabonete-liquido-800ml-c-reservatorio-biovis\/","title":{"rendered":"DISPENSER PARA SABONETE LIQUIDO 800ML C\/ RESERVATORIO BIOVIS"},"content":{"rendered":"<p>Dispenser pl\u00e1stico para sabonete l\u00edquido ou \u00e1lcool em gel. Pode ser utilizado com reservat\u00f3rio ou bag.\u00a0Esta saboneteira possui trava de seguran\u00e7a, visor de n\u00edvel e reservat\u00f3rio pl\u00e1stico interno (opcional). O acionamento \u00e9 feito por press\u00e3o da base do painel.<\/p>\n<p>C\u00f3digo: 001102 \/ 001062 (sem reservat\u00f3rio)<br \/>Dimens\u00f5es: 24,0 x 13,5 x 11,5 cm (AxLxP)<br \/>Peso l\u00edquido: 0,436kg \/ 0,370kg<br \/>Mat\u00e9ria prima: Pl\u00e1stico PS<br \/>Capacidade: 800ml<br \/>Volume dispensado: 0,4ml<\/p>\n","protected":false},"excerpt":{"rendered":"<p>Dispenser pl\u00e1stico para sabonete l\u00edquido ou \u00e1lcool em gel. Pode ser utilizado com reservat\u00f3rio ou bag.\u00a0Esta saboneteira possui trava de seguran\u00e7a, visor de n\u00edvel e reservat\u00f3rio<span class=\"excerpt-hellip\"> [\u2026]<\/span><\/p>\n","protected":false},"featured_media":848,"template":"","meta":{"_joinchat":[]},"product_brand":[],"product_cat":[35],"product_tag":[],"class_list":{"0":"post-577","1":"product","2":"type-product","3":"status-publish","4":"has-post-thumbnail","6":"product_cat-obras","8":"first","9":"outofstock","10":"shipping-taxable","11":"purchasable","12":"product-type-simple"},"_links":{"self":[{"href":"https:\/\/casadaluva.com.br\/index\/wp-json\/wp\/v2\/product\/577","targetHints":{"allow":["GET"]}}],"collection":[{"href":"https:\/\/casadaluva.com.br\/index\/wp-json\/wp\/v2\/product"}],"about":[{"href":"https:\/\/casadaluva.com.br\/index\/wp-json\/wp\/v2\/types\/product"}],"wp:featuredmedia":[{"embeddable":true,"href":"https:\/\/casadaluva.com.br\/index\/wp-json\/wp\/v2\/media\/848"}],"wp:attachment":[{"href":"https:\/\/casadaluva.com.br\/index\/wp-json\/wp\/v2\/media?parent=577"}],"wp:term":[{"taxonomy":"product_brand","embeddable":true,"href":"https:\/\/casadaluva.com.br\/index\/wp-json\/wp\/v2\/product_brand?post=577"},{"taxonomy":"product_cat","embeddable":true,"href":"https:\/\/casadaluva.com.br\/index\/wp-json\/wp\/v2\/product_cat?post=577"},{"taxonomy":"product_tag","embeddable":true,"href":"https:\/\/casadaluva.com.br\/index\/wp-json\/wp\/v2\/product_tag?post=577"}],"curies":[{"name":"wp","href":"https:\/\/api.w.org\/{rel}","templated":true}]}}