{"id":608,"date":"2023-08-16T10:58:28","date_gmt":"2023-08-16T13:58:28","guid":{"rendered":"https:\/\/casadaluva.com.br\/index\/produto\/espatula-de-aco-10cm-c-cabo-de-madeira\/"},"modified":"2026-04-11T10:13:54","modified_gmt":"2026-04-11T13:13:54","slug":"espatula-de-aco-10cm-c-cabo-de-madeira","status":"publish","type":"product","link":"https:\/\/casadaluva.com.br\/index\/produto\/espatula-de-aco-10cm-c-cabo-de-madeira\/","title":{"rendered":"ESPATULA DE ACO 10CM C\/ CABO DE MADEIRA"},"content":{"rendered":"<p>A esp\u00e1tula r\u00edgida Tramontina com cabo de madeira de 10cm \u00e9 perfeita para auxiliar nas tarefas culin\u00e1rias do dia a dia. Com um comprimento de l\u00e2mina de 13.3cm, \u00e9 ideal para espalhar e alisar massas, al\u00e9m de ser resistente e dur\u00e1vel. A marca Tramontina \u00e9 reconhecida pela qualidade de seus produtos, e o cabo de madeira proporciona um manuseio confort\u00e1vel e seguro. Feita em a\u00e7o carbono, a l\u00e2mina garante precis\u00e3o e efici\u00eancia no uso. A esp\u00e1tula est\u00e1 em perfeitas condi\u00e7\u00f5es, sendo um item novo e com o modelo 77394105. Aproveite essa oportunidade e adquira j\u00e1 a sua esp\u00e1tula Tramontina para facilitar suas atividades na cozinha.<\/p>\n","protected":false},"excerpt":{"rendered":"<p>A esp\u00e1tula r\u00edgida Tramontina com cabo de madeira de 10cm \u00e9 perfeita para auxiliar nas tarefas culin\u00e1rias do dia a dia. Com um comprimento de l\u00e2mina<span class=\"excerpt-hellip\"> [\u2026]<\/span><\/p>\n","protected":false},"featured_media":763,"template":"","meta":{"_joinchat":[]},"product_brand":[],"product_cat":[35],"product_tag":[],"class_list":{"0":"post-608","1":"product","2":"type-product","3":"status-publish","4":"has-post-thumbnail","6":"product_cat-obras","8":"first","9":"instock","10":"shipping-taxable","11":"purchasable","12":"product-type-simple"},"_links":{"self":[{"href":"https:\/\/casadaluva.com.br\/index\/wp-json\/wp\/v2\/product\/608","targetHints":{"allow":["GET"]}}],"collection":[{"href":"https:\/\/casadaluva.com.br\/index\/wp-json\/wp\/v2\/product"}],"about":[{"href":"https:\/\/casadaluva.com.br\/index\/wp-json\/wp\/v2\/types\/product"}],"wp:featuredmedia":[{"embeddable":true,"href":"https:\/\/casadaluva.com.br\/index\/wp-json\/wp\/v2\/media\/763"}],"wp:attachment":[{"href":"https:\/\/casadaluva.com.br\/index\/wp-json\/wp\/v2\/media?parent=608"}],"wp:term":[{"taxonomy":"product_brand","embeddable":true,"href":"https:\/\/casadaluva.com.br\/index\/wp-json\/wp\/v2\/product_brand?post=608"},{"taxonomy":"product_cat","embeddable":true,"href":"https:\/\/casadaluva.com.br\/index\/wp-json\/wp\/v2\/product_cat?post=608"},{"taxonomy":"product_tag","embeddable":true,"href":"https:\/\/casadaluva.com.br\/index\/wp-json\/wp\/v2\/product_tag?post=608"}],"curies":[{"name":"wp","href":"https:\/\/api.w.org\/{rel}","templated":true}]}}