{"id":633,"date":"2023-08-16T11:13:35","date_gmt":"2023-08-16T14:13:35","guid":{"rendered":"https:\/\/casadaluva.com.br\/index\/produto\/trava-para-disjuntores\/"},"modified":"2026-04-11T10:13:52","modified_gmt":"2026-04-11T13:13:52","slug":"trava-para-disjuntores","status":"publish","type":"product","link":"https:\/\/casadaluva.com.br\/index\/produto\/trava-para-disjuntores\/","title":{"rendered":"TRAVA PARA DISJUNTORES"},"content":{"rendered":"<p>Trava paraDisjuntores Norma DIN monopolar, bipolar e tripolar.<\/p>\n<p>Dispositivo comcapa de pl\u00e1stico ABS vermelho e base de Nylon r\u00edgido preto<br \/>\nParafuso de lat\u00e3o de fixa\u00e7\u00e3o manual, sem necessidade de chave de fenda<br \/>\nOrif\u00edcio para coloca\u00e7\u00e3o do cadeado frontal ou lateralmente<\/p>\n<p>INFORMA\u00c7\u00d5ES ADICIONAIS<br \/>\nO Dispositivo de Bloqueio para Disjuntor Norma DIN pode serusado como trava paradisjuntores norma DIN monopolar, bipolar etripolar.<\/p>\n<p>C\u00f3digo<br \/>\nDBDD<\/p>\n<p>Material<br \/>\nNylon PA6<\/p>\n<p>Largura<br \/>\n20 mm<\/p>\n<p>Altura<br \/>\n45 mm<\/p>\n<p>Profundidade<br \/>\n22 mm<\/p>\n","protected":false},"excerpt":{"rendered":"<p>Trava paraDisjuntores Norma DIN monopolar, bipolar e tripolar. Dispositivo comcapa de pl\u00e1stico ABS vermelho e base de Nylon r\u00edgido preto Parafuso de lat\u00e3o de fixa\u00e7\u00e3o manual,<span class=\"excerpt-hellip\"> [\u2026]<\/span><\/p>\n","protected":false},"featured_media":755,"template":"","meta":{"_joinchat":[]},"product_brand":[],"product_cat":[35],"product_tag":[],"class_list":{"0":"post-633","1":"product","2":"type-product","3":"status-publish","4":"has-post-thumbnail","6":"product_cat-obras","8":"first","9":"instock","10":"shipping-taxable","11":"purchasable","12":"product-type-simple"},"_links":{"self":[{"href":"https:\/\/casadaluva.com.br\/index\/wp-json\/wp\/v2\/product\/633","targetHints":{"allow":["GET"]}}],"collection":[{"href":"https:\/\/casadaluva.com.br\/index\/wp-json\/wp\/v2\/product"}],"about":[{"href":"https:\/\/casadaluva.com.br\/index\/wp-json\/wp\/v2\/types\/product"}],"wp:featuredmedia":[{"embeddable":true,"href":"https:\/\/casadaluva.com.br\/index\/wp-json\/wp\/v2\/media\/755"}],"wp:attachment":[{"href":"https:\/\/casadaluva.com.br\/index\/wp-json\/wp\/v2\/media?parent=633"}],"wp:term":[{"taxonomy":"product_brand","embeddable":true,"href":"https:\/\/casadaluva.com.br\/index\/wp-json\/wp\/v2\/product_brand?post=633"},{"taxonomy":"product_cat","embeddable":true,"href":"https:\/\/casadaluva.com.br\/index\/wp-json\/wp\/v2\/product_cat?post=633"},{"taxonomy":"product_tag","embeddable":true,"href":"https:\/\/casadaluva.com.br\/index\/wp-json\/wp\/v2\/product_tag?post=633"}],"curies":[{"name":"wp","href":"https:\/\/api.w.org\/{rel}","templated":true}]}}