{"id":649,"date":"2023-08-16T11:17:59","date_gmt":"2023-08-16T14:17:59","guid":{"rendered":"https:\/\/casadaluva.com.br\/index\/produto\/capa-de-chuva-amarela-impermeavel-tamanho-g\/"},"modified":"2026-04-11T10:13:52","modified_gmt":"2026-04-11T13:13:52","slug":"capa-de-chuva-amarela-impermeavel-tamanho-g","status":"publish","type":"product","link":"https:\/\/casadaluva.com.br\/index\/produto\/capa-de-chuva-amarela-impermeavel-tamanho-g\/","title":{"rendered":"CAPA DE CHUVA AMARELA IMPERMEAVEL TAMANHO G"},"content":{"rendered":"<p>Capa de seguran\u00e7a em PVC com forro misto de algod\u00e3o e poli\u00e9ster, fechamento frontal atrav\u00e9s de quatro bot\u00f5es de press\u00e3o, costuras atrav\u00e9s de solda eletr\u00f4nica.<\/p>\n<p>PROTE\u00c7\u00c3O DO TRONCO E MEMBROS SUPERIORES DO USU\u00c1RIO CONTRA UMIDADE PROVENIENTE DE OPERA\u00c7\u00d5ES COM USO DE \u00c1GUA.<\/p>\n","protected":false},"excerpt":{"rendered":"<p>Capa de seguran\u00e7a em PVC com forro misto de algod\u00e3o e poli\u00e9ster, fechamento frontal atrav\u00e9s de quatro bot\u00f5es de press\u00e3o, costuras atrav\u00e9s de solda eletr\u00f4nica. PROTE\u00c7\u00c3O<span class=\"excerpt-hellip\"> [\u2026]<\/span><\/p>\n","protected":false},"featured_media":870,"template":"","meta":{"_joinchat":[]},"product_brand":[],"product_cat":[35],"product_tag":[],"class_list":{"0":"post-649","1":"product","2":"type-product","3":"status-publish","4":"has-post-thumbnail","6":"product_cat-obras","8":"first","9":"outofstock","10":"shipping-taxable","11":"purchasable","12":"product-type-simple"},"_links":{"self":[{"href":"https:\/\/casadaluva.com.br\/index\/wp-json\/wp\/v2\/product\/649","targetHints":{"allow":["GET"]}}],"collection":[{"href":"https:\/\/casadaluva.com.br\/index\/wp-json\/wp\/v2\/product"}],"about":[{"href":"https:\/\/casadaluva.com.br\/index\/wp-json\/wp\/v2\/types\/product"}],"wp:featuredmedia":[{"embeddable":true,"href":"https:\/\/casadaluva.com.br\/index\/wp-json\/wp\/v2\/media\/870"}],"wp:attachment":[{"href":"https:\/\/casadaluva.com.br\/index\/wp-json\/wp\/v2\/media?parent=649"}],"wp:term":[{"taxonomy":"product_brand","embeddable":true,"href":"https:\/\/casadaluva.com.br\/index\/wp-json\/wp\/v2\/product_brand?post=649"},{"taxonomy":"product_cat","embeddable":true,"href":"https:\/\/casadaluva.com.br\/index\/wp-json\/wp\/v2\/product_cat?post=649"},{"taxonomy":"product_tag","embeddable":true,"href":"https:\/\/casadaluva.com.br\/index\/wp-json\/wp\/v2\/product_tag?post=649"}],"curies":[{"name":"wp","href":"https:\/\/api.w.org\/{rel}","templated":true}]}}