{"id":655,"date":"2023-08-16T11:19:08","date_gmt":"2023-08-16T14:19:08","guid":{"rendered":"https:\/\/casadaluva.com.br\/index\/produto\/touca-descartavel-tnt-com-elastico-c-100-talge\/"},"modified":"2026-04-11T10:13:53","modified_gmt":"2026-04-11T13:13:53","slug":"touca-descartavel-tnt-com-elastico-c-100-talge","status":"publish","type":"product","link":"https:\/\/casadaluva.com.br\/index\/produto\/touca-descartavel-tnt-com-elastico-c-100-talge\/","title":{"rendered":"TOUCA DESCARTAVEL TNT COM ELASTICO C\/100 TALGE"},"content":{"rendered":"<p>TOCA TNT DESCART\u00c1VEL 100 UNIDADES &#8211; TALGE<\/p>\n<p>Tocas de prote\u00e7\u00e3o capilar sanfonadas em formato de tiras. Fabricadas em tecido n\u00e3o tecido (TNT), com el\u00e1sticos simples e at\u00f3xicos. Material descart\u00e1vel e de uso \u00fanico.<\/p>\n<p>Registro Anvisa: 80605410011 \/ 80605410031<br \/>Tamanho: 19\u2019 (45cm x 50cm)<br \/>Gramatura: 10g\/m2<br \/>Cor: Branca<br \/>Pacote (pl\u00e1stico): 100 unidades<br \/>Composi\u00e7\u00e3o: 100% polipropileno, com poli\u00e9ster e poliamida.<\/p>\n<p>Vantagens e Benef\u00edcios:<br \/>Praticidade<br \/>Higiene e seguran\u00e7a<br \/>Descart\u00e1vel<br \/>Prote\u00e7\u00e3o da cabe\u00e7a do trabalhador<br \/>At\u00f3xicas<br \/>Isentas de l\u00e1tex<\/p>\n<p>Aplica\u00e7\u00f5es e Indica\u00e7\u00f5es:<br \/>Indicada para prote\u00e7\u00e3o da cabe\u00e7a do trabalhador e para evitar queda do cabelo no produto impedindo sua contamina\u00e7\u00e3o e contato do cabelo com m\u00e1quinas que possam colocar em perigo o trabalhador. Produto de amplo uso em unidades de sa\u00fade, hospitais, cl\u00ednicas, consult\u00f3rios dent\u00e1rios e m\u00e9dicos, laborat\u00f3rios de manipula\u00e7\u00e3o, ind\u00fastrias qu\u00edmicas, farmac\u00eauticas e aliment\u00edcias.<\/p>\n","protected":false},"excerpt":{"rendered":"<p>TOCA TNT DESCART\u00c1VEL 100 UNIDADES &#8211; TALGE Tocas de prote\u00e7\u00e3o capilar sanfonadas em formato de tiras. Fabricadas em tecido n\u00e3o tecido (TNT), com el\u00e1sticos simples e<span class=\"excerpt-hellip\"> [\u2026]<\/span><\/p>\n","protected":false},"featured_media":707,"template":"","meta":{"_joinchat":[]},"product_brand":[],"product_cat":[35],"product_tag":[],"class_list":{"0":"post-655","1":"product","2":"type-product","3":"status-publish","4":"has-post-thumbnail","6":"product_cat-obras","8":"first","9":"instock","10":"shipping-taxable","11":"purchasable","12":"product-type-simple"},"_links":{"self":[{"href":"https:\/\/casadaluva.com.br\/index\/wp-json\/wp\/v2\/product\/655","targetHints":{"allow":["GET"]}}],"collection":[{"href":"https:\/\/casadaluva.com.br\/index\/wp-json\/wp\/v2\/product"}],"about":[{"href":"https:\/\/casadaluva.com.br\/index\/wp-json\/wp\/v2\/types\/product"}],"wp:featuredmedia":[{"embeddable":true,"href":"https:\/\/casadaluva.com.br\/index\/wp-json\/wp\/v2\/media\/707"}],"wp:attachment":[{"href":"https:\/\/casadaluva.com.br\/index\/wp-json\/wp\/v2\/media?parent=655"}],"wp:term":[{"taxonomy":"product_brand","embeddable":true,"href":"https:\/\/casadaluva.com.br\/index\/wp-json\/wp\/v2\/product_brand?post=655"},{"taxonomy":"product_cat","embeddable":true,"href":"https:\/\/casadaluva.com.br\/index\/wp-json\/wp\/v2\/product_cat?post=655"},{"taxonomy":"product_tag","embeddable":true,"href":"https:\/\/casadaluva.com.br\/index\/wp-json\/wp\/v2\/product_tag?post=655"}],"curies":[{"name":"wp","href":"https:\/\/api.w.org\/{rel}","templated":true}]}}