{"id":922,"date":"2024-05-07T11:50:17","date_gmt":"2024-05-07T14:50:17","guid":{"rendered":"https:\/\/casadaluva.com.br\/index\/produto\/luva-de-latex-medix-tamanho-pp-caixa-com-100-unidade\/"},"modified":"2026-03-25T09:01:11","modified_gmt":"2026-03-25T12:01:11","slug":"luva-de-latex-medix-tamanho-pp-caixa-com-100-unidade","status":"publish","type":"product","link":"https:\/\/casadaluva.com.br\/index\/produto\/luva-de-latex-medix-tamanho-pp-caixa-com-100-unidade\/","title":{"rendered":"LUVA DE LATEX MEDIX TAMANHO PP CAIXA COM 100 UNIDADE"},"content":{"rendered":"<h2 style=\"margin: 0px 0px 0.6em;font-size: calc(var(--base-text-font-size) - (var(--default-text-font-size) - 25px));font-weight: var(--heading-font-weight);line-height: 1.5;font-family: 'DIN Next', sans-serif;color: var(--heading-color);background-color: #fafafa\">Apresenta\u00e7\u00e3o<\/h2>\n<p style=\"font-size: 16px;margin-bottom: 0.7em;color: #677279;font-family: 'DIN Next', sans-serif;background-color: #fafafa\">A Luva de L\u00e1tex com p\u00f3 \u00e9 feita com l\u00e1tex de borracha 100% natural. Lisa, ambidestra, n\u00e3o esterilizada e de cor natural, cont\u00e9m p\u00f3 de amido de milho Grau U.S.P que \u00e9 bioabsorv\u00edvel e facilita os processos de coloca\u00e7\u00e3o e retirada.<\/p>\n<p style=\"font-size: 16px;margin-bottom: 0.7em;color: #677279;font-family: 'DIN Next', sans-serif;background-color: #fafafa\">Indicada para procedimentos n\u00e3o cir\u00fargicos, proporciona uma barreira contra contamina\u00e7\u00e3o.<\/p>\n<p style=\"font-size: 16px;margin-bottom: 0.7em;color: #677279;font-family: 'DIN Next', sans-serif;background-color: #fafafa\">Produto descart\u00e1vel e de uso \u00fanico.<\/p>\n<h2 style=\"margin: 1.55em 0px 0.6em;font-size: calc(var(--base-text-font-size) - (var(--default-text-font-size) - 25px));font-weight: var(--heading-font-weight);line-height: 1.5;font-family: 'DIN Next', sans-serif;color: var(--heading-color);background-color: #fafafa\">Benef\u00edcios<\/h2>\n<ul style=\"margin: 0px 0px 0.7em 18px;padding: 0px;color: #677279;font-family: 'DIN Next', sans-serif;font-size: 16px;background-color: #fafafa\">\n<li style=\"position: relative;margin-bottom: 5px\">Cont\u00e9m p\u00f3 bioabsorv\u00edvel (Grau U.S.P);<\/li>\n<li style=\"position: relative;margin-bottom: 5px\">Possui punho com acabamento enrolado facilitando a coloca\u00e7\u00e3o e retirada;<\/li>\n<li style=\"position: relative;margin-bottom: 5px\">Barreira contra contamina\u00e7\u00e3o.<\/li>\n<li style=\"position: relative\">CA de prote\u00e7\u00e3o contra riscos biol\u00f3gicos<\/li>\n<\/ul>\n<h2 style=\"margin: 1.55em 0px 0.6em;font-size: calc(var(--base-text-font-size) - (var(--default-text-font-size) - 25px));font-weight: var(--heading-font-weight);line-height: 1.5;font-family: 'DIN Next', sans-serif;color: var(--heading-color);background-color: #fafafa\">Modo de Uso<\/h2>\n<ul style=\"margin: 0px 0px 0.7em 18px;padding: 0px;color: #677279;font-family: 'DIN Next', sans-serif;font-size: 16px;background-color: #fafafa\">\n<li style=\"position: relative;margin-bottom: 5px\">Verifique o tamanho adequado para suas m\u00e3os conforme indica\u00e7\u00e3o;<\/li>\n<li style=\"position: relative;margin-bottom: 5px\">Verifique a integridade da embalagem;<\/li>\n<li style=\"position: relative;margin-bottom: 5px\">Realize a higiene das m\u00e3os, assegure que as m\u00e3os estejam limpas e secas para o passo seguinte;<\/li>\n<li style=\"position: relative;margin-bottom: 5px\">Retire a luva da embalagem o mais pr\u00f3ximo poss\u00edvel do momento do uso;<\/li>\n<li style=\"position: relative;margin-bottom: 5px\">Calce a luva cuidadosamente, sem an\u00e9is, pulseiras, rel\u00f3gios ou outros acess\u00f3rios que possam perfurar o produto;<\/li>\n<li style=\"position: relative;margin-bottom: 5px\">Ap\u00f3s o uso, retire a luva e descarte-a imediatamente em local adequado;<\/li>\n<li style=\"position: relative;margin-bottom: 5px\">Realize a higiene das m\u00e3os;<\/li>\n<li style=\"position: relative;margin-bottom: 5px\">N\u00e3o reutilizar ou esterilizar ap\u00f3s o uso.<\/li>\n<li style=\"position: relative\">PROIBIDO REPROCESSAR.<\/li>\n<\/ul>\n<h2 style=\"margin: 1.55em 0px 0.6em;font-size: calc(var(--base-text-font-size) - (var(--default-text-font-size) - 25px));font-weight: var(--heading-font-weight);line-height: 1.5;font-family: 'DIN Next', sans-serif;color: var(--heading-color);background-color: #fafafa\">Especifica\u00e7\u00f5es t\u00e9cnicas<\/h2>\n<ul style=\"margin: 0px 0px 0px 18px;padding: 0px;color: #677279;font-family: 'DIN Next', sans-serif;font-size: 16px;background-color: #fafafa\">\n<li style=\"position: relative;margin-bottom: 5px\">Possui punho com acabamento enrolado;<\/li>\n<li style=\"position: relative;margin-bottom: 5px\">Descart\u00e1vel e de uso \u00fanico;<\/li>\n<li style=\"position: relative;margin-bottom: 5px\">Ambidestra;<\/li>\n<li style=\"position: relative;margin-bottom: 5px\">N\u00e3o est\u00e9ril;<\/li>\n<li style=\"position: relative;margin-bottom: 5px\">Com p\u00f3.<\/li>\n<li style=\"position: relative;margin-bottom: 5px\">Material: l\u00e1tex de borracha 100% natural.<\/li>\n<li style=\"position: relative;margin-bottom: 5px\">Cor: natural.<\/li>\n<li style=\"position: relative;margin-bottom: 5px\">Tamanhos: PP\/P\/M\/G<\/li>\n<li style=\"position: relative;margin-bottom: 5px\">Validade: 5 anos ap\u00f3s a data de fabrica\u00e7\u00e3o.<\/li>\n<li style=\"position: relative;margin-bottom: 5px\">Caixa contendo 100 unidades.<\/li>\n<li style=\"position: relative;margin-bottom: 5px\">Dimens\u00f5es embalagem:\u00a0<span data-mce-fragment=\"1\">11cm(c) x 20cm(l) x 6,5cm(a)<\/span>.<\/li>\n<li style=\"position: relative;margin-bottom: 5px\">Peso embalagem:\u00a0<span data-mce-fragment=\"1\">\u00a0PP(320g), P(350g), M(350g), G(390g)<\/span>.<\/li>\n<li data-mce-fragment=\"1\" style=\"position: relative;margin-bottom: 5px\">Luva de Certifica\u00e7\u00e3o Compuls\u00f3ria<\/li>\n<li data-mce-fragment=\"1\" style=\"position: relative;margin-bottom: 5px\">Possui Registro Anvisa<\/li>\n<li style=\"position: relative\">Possui CA de prote\u00e7\u00e3o contra riscos biol\u00f3gicos<\/li>\n<\/ul>\n","protected":false},"excerpt":{"rendered":"<p>Apresenta\u00e7\u00e3o A Luva de L\u00e1tex com p\u00f3 \u00e9 feita com l\u00e1tex de borracha 100% natural. Lisa, ambidestra, n\u00e3o esterilizada e de cor natural, cont\u00e9m p\u00f3 de<span class=\"excerpt-hellip\"> [\u2026]<\/span><\/p>\n","protected":false},"featured_media":920,"template":"","meta":{"_joinchat":[]},"product_brand":[],"product_cat":[19],"product_tag":[],"class_list":{"0":"post-922","1":"product","2":"type-product","3":"status-publish","4":"has-post-thumbnail","6":"product_cat-luvas","8":"first","9":"instock","10":"shipping-taxable","11":"purchasable","12":"product-type-simple"},"_links":{"self":[{"href":"https:\/\/casadaluva.com.br\/index\/wp-json\/wp\/v2\/product\/922","targetHints":{"allow":["GET"]}}],"collection":[{"href":"https:\/\/casadaluva.com.br\/index\/wp-json\/wp\/v2\/product"}],"about":[{"href":"https:\/\/casadaluva.com.br\/index\/wp-json\/wp\/v2\/types\/product"}],"wp:featuredmedia":[{"embeddable":true,"href":"https:\/\/casadaluva.com.br\/index\/wp-json\/wp\/v2\/media\/920"}],"wp:attachment":[{"href":"https:\/\/casadaluva.com.br\/index\/wp-json\/wp\/v2\/media?parent=922"}],"wp:term":[{"taxonomy":"product_brand","embeddable":true,"href":"https:\/\/casadaluva.com.br\/index\/wp-json\/wp\/v2\/product_brand?post=922"},{"taxonomy":"product_cat","embeddable":true,"href":"https:\/\/casadaluva.com.br\/index\/wp-json\/wp\/v2\/product_cat?post=922"},{"taxonomy":"product_tag","embeddable":true,"href":"https:\/\/casadaluva.com.br\/index\/wp-json\/wp\/v2\/product_tag?post=922"}],"curies":[{"name":"wp","href":"https:\/\/api.w.org\/{rel}","templated":true}]}}